What is the units digit of 61?
1
What is the ten thousands digit of 36154?
3
What is the hundreds digit of 521?
5
What is the hundreds digit of 1334?
3
What is the tens digit of 1030?
3
What is the tens digit of 575?
7
What is the hundreds digit of 9739?
7
What is the hundreds digit of 2680?
6
What is the tens digit of 26700?
0
What is the units digit of 20391?
1
What is the ten thousands digit of 81822?
8
What is the tens digit of 27446?
4
What is the tens digit of 31259?
5
What is the hundreds digit of 5574?
5
What is the hundreds digit of 383?
3
What is the ten thousands digit of 40189?
4
What is the thousands digit of 12968?
2
What is the thousands digit of 40217?
0
What is the tens digit of 49172?
7
What is the tens digit of 124?
2
What is the units digit of 2984?
4
What is the thousands digit of 2183?
2
What is the tens digit of 5780?
8
What is the thousands digit of 19309?
9
What is the tens digit of 29410?
1
What is the hundred thousands digit of 170858?
1
What is the thousands digit of 2873?
2
What is the units digit of 1112?
2
What is the ten thousands digit of 39244?
3
What is the thousands digit of 14477?
4
What is the hundreds digit of 2279?
2
What is the tens digit of 103297?
9
What is the hundreds digit of 623?
6
What is the thousands digit of 4444?
4
What is the hundreds digit of 340?
3
What is the hundreds digit of 839?
8
What is the thousands digit of 13848?
3
What is the hundreds digit of 5492?
4
What is the hundreds digit of 6348?
3
What is the thousands digit of 5923?
5
What is the units digit of 7627?
7
What is the ten thousands digit of 48311?
4
What is the thousands digit of 3752?
3
What is the hundreds digit of 52150?
1
What is the tens digit of 60370?
7
What is the tens digit of 966?
6
What is the ten thousands digit of 39756?
3
What is the hundreds digit of 605?
6
What is the hundreds digit of 286?
2
What is the hundreds digit of 985?
9
What is the hundreds digit of 7686?
6
What is the hundreds digit of 1303?
3
What is the hundreds digit of 590?
5
What is the units digit of 23689?
9
What is the tens digit of 546?
4
What is the units digit of 1967?
7
What is the tens digit of 43110?
1
What is the thousands digit of 13469?
3
What is the thousands digit of 1813?
1
What is the thousands digit of 11628?
1
What is the tens digit of 58?
5
What is the units digit of 3484?
4
What is the tens digit of 56013?
1
What is the units digit of 875?
5
What is the thousands digit of 8937?
8
What is the tens digit of 709?
0
What is the units digit of 3747?
7
What is the units digit of 1621?
1
What is the units digit of 14353?
3
What is the tens digit of 2662?
6
What is the hundreds digit of 5991?
9
What is the units digit of 56666?
6
What is the thousands digit of 10227?
0
What is the hundreds digit of 942?
9
What is the hundreds digit of 3106?
1
What is the units digit of 8580?
0
What is the tens digit of 1654?
5
What is the hundreds digit of 2018?
0
What is the hundreds digit of 18821?
8
What is the tens digit of 7916?
1
What is the units digit of 30707?
7
What is the hundreds digit of 84584?
5
What is the units digit of 299?
9
What is the tens digit of 15806?
0
What is the ten thousands digit of 16514?
1
What is the thousands digit of 5135?
5
What is the tens digit of 679?
7
What is the hundreds digit of 158?
1
What is the tens digit of 3109?
0
What is the tens digit of 3401?
0
What is the thousands digit of 9059?
9
What is the hundreds digit of 15848?
8
What is the units digit of 939?
9
What is the units digit of 8420?
0
What is the units digit of 20065?
5
What is the units digit of 5747?
7
What is the units digit of 161?
1
What is the tens digit of 3770?
7
What is the tens digit of 2242?
4
What is the tens digit of 3341?
4
What is the hundreds digit of 794?
7
What is the hundreds digit of 1283?
2
What is the tens digit of 5914?
1
What is the units digit of 1113?
3
What is the units digit of 10868?
8
What is the hundreds digit of 3025?
0
What is the hundreds digit of 59371?
3
What is the tens digit of 1215?
1
What is the thousands digit of 52248?
2
What is the hundreds digit of 1241?
2
What is the thousands digit of 48637?
8
What is the thousands digit of 71005?
1
What is the tens digit of 19370?
7
What is the ten thousands digit of 41283?
4
What is the units digit of 8830?
0
What is the units digit of 57420?
0
What is the thousands digit of 14608?
4
What is the units digit of 487?
7
What is the ten thousands digit of 45893?
4
What is the tens digit of 402?
0
What is the tens digit of 4389?
8
What is the tens digit of 8080?
8
What is the units digit of 2731?
1
What is the ten thousands digit of 49092?
4
What is the hundreds digit of 20082?
0
What is the units digit of 2054?
4
What is the thousands digit of 17440?
7
What is the tens digit of 556?
5
What is the tens digit of 1644?
4
What is the units digit of 18003?
3
What is the tens digit of 47084?
8
What is the units digit of 6297?
7
What is the tens digit of 6886?
8
What is the thousands digit of 3869?
3
What is the thousands digit of 8921?
8
What is the thousands digit of 12192?
2
What is the tens digit of 8632?
3
What is the thousands digit of 27268?
7
What is the units digit of 2857?
7
What is the thousands digit of 59089?
9
What is the tens digit of 2296?
9
What is the units digit of 687?
7
What is the hundreds digit of 8572?
5
What is the units digit of 9245?
5
What is the tens digit of 1779?
7
What is the thousands digit of 25347?
5
What is the hundreds digit of 4568?
5
What is the hundreds digit of 22866?
8
What is the tens digit of 187?
8
What is the hundred thousands digit of 169388?
1
What is the thousands digit of 9185?
9
What is the ten thousands digit of 14939?
1
What is the thousands digit of 1829?
1
What is the tens digit of 1061?
6
What is the units digit of 10937?
7
What is the hundreds digit of 26779?
7
What is the units digit of 3630?
0
What is the hundreds digit of 44797?
7
What is the ten thousands digit of 62549?
6
What is the units digit of 3061?
1
What is the hundreds digit of 7878?
8
What is the hundreds digit of 31774?
7
What is the thousands digit of 34035?
4
What is the tens digit of 262?
6
What is the units digit of 1378?
8
What is the tens digit of 20783?
8
What is the hundred thousands digit of 121135?
1
What is the tens digit of 60?
6
What is the hundreds digit of 1055?
0
What is the hundreds digit of 601?
6
What is the tens digit of 25419?
1
What is the tens digit of 845?
4
What is the hundreds digit of 13632?
6
What is the units digit of 3519?
9
What is the units digit of 97487?
7
What is the ten thousands digit of 104901?
0
What is the units digit of 525?
5
What is the units digit of 4112?
2
What is the units digit of 3557?
7
What is the hundreds digit of 14531?
5
What is the tens digit of 3188?
8
What is the units digit of 6092?
2
What is the tens digit of 10188?
8
What is the thousands digit of 6983?
6
What is the hundreds digit of 2087?
0
What is the tens digit of 6190?
9
What is the thousands digit of 6034?
6
What is the thousands digit of 7918?
7
What is the tens digit of 15652?
5
What is the thousands digit of 11747?
1
What is the tens digit of 3070?
7
What is the hundreds digit of 7811?
8
What is the units digit of 49342?
2
What is the hundreds digit of 5727?
7
What is the ten thousands digit of 14472?
1
What is the hundreds digit of 2542?
5
What is the hundreds digit of 3866?
8
What is the units digit of 793?
3
What is the tens digit of 24397?
9
What is the units digit of 32857?
7
What is the thousands digit of 11009?
1
What is the units digit of 18?
8
What is the hundreds digit of 4130?
1
What is the thousands digit of 17163?
7
What is the hundreds digit of 96305?
3
What is the hundreds digit of 3940?
9
What is the hundreds digit of 2477?
4
What is the thousands digit of 2271?
2
What is the units digit of 2282?
2
What is the units digit of 11683?
3
What is the tens digit of 5057?
5
What is the hundreds digit of 1334?
3
What is the hundreds digit of 1478?
4
What is the ten thousands digit of 60712?
6
What is the hundreds digit of 7019?
0
What is the tens digit of 241?
4
What is the tens digit of 26424?
2
What is the tens digit of 79?
7
What is the hundreds digit of 40269?
2
What is the thousands digit of 6021?
6
What is the hundreds 